-6*h + 3*h. Let b = h - -253. What is the greatest common factor of b and 16?
16
Let g = -569 - -679. Calculate the greatest common divisor of 605 and g.
55
Let c be (-2 - 9/(-6))*-20. Let m = -41 - -41. Let g be m + 71 + (1 - 2). What is the greatest common divisor of c and g?
10
Let z(f) = 114*f - 128. Let v be z(22). Calculate the highest common divisor of v and 28.
28
Suppose 0*s = -3*s + t + 662, 2*s + 4*t - 432 = 0. Calculate the greatest common divisor of s and 88.
44
Let c be 576/(-32)*38/(-6). Calculate the greatest common factor of c and 247.
19
Suppose -a - 2*r = -3, -2*a + 2*r + 12 = -0*a. Suppose -i + 2*x = -2, 0 = -5*x - 0 + a. Calculate the greatest common divisor of i and 1.
1
Let q = 283 + -183. Calculate the greatest common divisor of 60 and q.
20
Let m = 95 - 52. Let t = m - 26. What is the highest common factor of t and 68?
17
Suppose -171 = -4*m - 35. Suppose -7*y + 6*y + m = 0. Let r = 71 + 14. What is the greatest common factor of y and r?
17
Let a be 388/36 + -6*4/(-108). Let n = a - -23. Calculate the greatest common factor of n and 119.
17
Let l(t) = -t**2 - 5*t + 6. Let q be l(-6). Suppose 11*n - 16*n + 5 = q. What is the greatest common divisor of n and 8?
1
Suppose -6 = -5*x - k + 33, 0 = -2*x + k + 10. Suppose 19 + 9 = 4*b. What is the highest common divisor of x and b?
7
Suppose 0*n - 2*n + u = -96, u = -5*n + 240. What is the highest common factor of n and 136?
8
Let n = 259 + -250. Calculate the greatest common divisor of n and 747.
9
Let w = 370 + -358. What is the highest common factor of 72 and w?
12
Let c(z) = z**2 - 14*z + 129. Let o be c(17). What is the highest common factor of o and 72?
36
Let g(u) = -2*u + 22. Let f = 46 + -62. Let t be g(f). Calculate the greatest common divisor of 81 and t.
27
Let k(s) = -34*s + 74. Let g be k(2). What is the greatest common factor of 80 and g?
2
Let x(f) = -15*f - 60. Let r be x(-7). What is the greatest common factor of r and 9?
9
Let z(v) = -v**3 + 10*v**2 + 2*v + 2. Let j be z(10). Calculate the greatest common factor of 154 and j.
22
Let j be (-606)/(-54) + 4/(-18). Suppose -2*u = 5*c - 3*u - 19, -u = -3*c + j. Suppose -c*y = -11 - 13. What is the highest common factor of y and 6?
6
Let a(t) = -t**2 + 8. Let z be a(-4). Let x(c) = c + 28. Let h be x(z). Calculate the highest common factor of h and 50.
10
Let v(a) = -a**3 + 32*a**2 + 301*a + 2. Let g be v(-8). Let i = -32 + 54. Calculate the highest common factor of i and g.
22
Let p = 6956 + -4828. Calculate the greatest common divisor of p and 112.
112
Let z = 3 - 0. Suppose -12 = -z*u + 6. Suppose -5*x + u = -2*x. Calculate the highest common factor of x and 10.
2
Let c be 2/(-4) + 162/4. Let n = 61 - c. Suppose -s - w = -8, -39*w = -35*w - 4. What is the greatest common divisor of s and n?
7
Suppose 31 = 3*h - x, -7*h + 6*h = 4*x - 6. What is the greatest common factor of h and 330?
10
Let g(k) = 3*k - 2. Let x be g(1). Let c be (x - 0) + 0 - -224. What is the highest common divisor of c and 25?
25
Let n = 1390 - 1356. Calculate the greatest common divisor of n and 68.
34
Suppose -x + 36 = x. Suppose 8 - 23 = -5*r. Suppose -r*b - 1 + 16 = 0, 0 = -3*w - b + 140. What is the highest common divisor of x and w?
9
Let x(r) = -r - 13. Let v be x(10). Let j = v + 61. Calculate the highest common factor of 57 and j.
19
Suppose -3*h = -3, 5*h - 117 = n - 5*n. Let w be 651/n - (-3)/(-12). What is the greatest common factor of 23 and w?
23
Let i(u) = 40*u + 42. Let g be i(12). What is the greatest common factor of 58 and g?
58
Suppose 141 = -13*w + 388. What is the greatest common factor of w and 2?
1
Let g be 126/(-33)*1672/(-228). Calculate the greatest common divisor of g and 7.
7
Let i(v) = -v**2 + 3*v + 4. Let l be i(3). Suppose -1 + 4 = -3*o. Let t be o*(0 - 3/3). Calculate the highest common divisor of l and t.
1
Suppose 5*a = -4*g + 306, -2*g - 3 - 47 = -a. Suppose 0 = a*x - 62*x + 84. Calculate the highest common factor of 14 and x.
7
Suppose -w + 30 = -51. Suppose 2*c + 0*c - 54 = 0. Calculate the highest common divisor of c and w.
27
Let t be 3 + 2007 + (-7)/(14/(-6)). What is the greatest common factor of 33 and t?
33
Let h = 314 + -308. Calculate the highest common divisor of 63 and h.
3
Let j(x) = 4*x. Let g be j(2). Suppose 3*y + y = -12. Let n be ((-8)/y)/(2/3). Calculate the greatest common factor of g and n.
4
Suppose 2*p - 23 = -3*a, -a - p - 15 = -6*p. Let d(h) = -h**3 + 5*h**2 + 4*h - 3. Let c be d(5). Let n = c - a. What is the greatest common factor of n and 48?
12
Let v = 18 - 18. Suppose q - 4*l - 13 = -1, -4*q + 4*l + 84 = v. What is the greatest common factor of q and 36?
12
Let c = 6 + -35. Let t = 96 - 185. Let q = c - t. Calculate the highest common divisor of 12 and q.
12
Suppose 0 = -t - 3*g - 228, -3*g + g = 2*t + 472. Let v = -144 - t. Calculate the highest common factor of 6 and v.
6
Let v(t) = -5*t**2 - 247*t - 162. Let n be v(-48). Calculate the greatest common divisor of n and 1827.
87
Suppose 35*m - 612 = 26*m. Calculate the highest common factor of 85 and m.
17
Let l be -2*((-20)/8 + -1). Let t = l - 3. Suppose t*z - 2*z = 36. What is the highest common divisor of 9 and z?
9
Let i(j) = j**3 - 17*j**2 - 19*j + 63. Let m be i(18). What is the greatest common divisor of 27 and m?
9
Let c(j) = 82*j**3 + 3*j**2 - 2. Let p be c(2). Suppose -165 = -0*z - z + x, 0 = -4*z + x + p. Let b = z - 92. What is the highest common factor of b and 50?
25
Suppose 4720 = 3*c - 2495. What is the highest common factor of c and 65?
65
Let t be (-91 - -71)/((-1)/(2/4)). Let d(l) = l**2 + 3*l. Let g be d(-4). Let x(o) = 24*o - 6. Let c be x(g). What is the highest common divisor of c and t?
10
Let w(y) = -y**3 + 7*y**2 - 6*y + 8. Let a be w(6). Let r be 2 - 20/a - (-37)/2. Calculate the greatest common divisor of r and 90.
18
Let h be 10*3*(-2)/(-3). Let n = 2 - -5. Let m be (60/(-14))/((-1)/n). Calculate the highest common divisor of h and m.
10
Let k = 76 + -73. Let b be (16/(-10))/((-4)/(-20)). Let x = -5 - b. Calculate the greatest common factor of x and k.
3
Let i be (-4)/(-1) + (4 + 122 - 2). Calculate the greatest common divisor of 96 and i.
32
Let g = -236 + 457. Calculate the greatest common divisor of 26 and g.
13
Suppose -3*r + 33 = 21. Suppose -2*p + r*p = 160. Calculate the highest common factor of p and 10.
10
Let p be (-2)/9 - (-140)/63. Let u = -30 - -36. Suppose -u*k + 48 = -0*k. Calculate the greatest common factor of p and k.
2
Suppose 148 = 2*r - q, -5*r - 3*q + 137 = -255. Suppose -3*y = y - r. What is the greatest common divisor of 38 and y?
19
Let l = -814 - -880. What is the greatest common divisor of 102 and l?
6
Let g(z) = -270*z - 36. Let i be g(-1). Calculate the highest common factor of i and 36.
18
Let j(t) = 2*t**2 - 6*t - 20. Let r = 33 - 72. Let o = r - -46. Let n be j(o). Calculate the highest common factor of 144 and n.
36
Suppose -9*u = -13*u + 20. Suppose 387 = u*l + 72. Suppose 2*t = -t + l. Calculate the highest common factor of 7 and t.
7
Let m be (-14)/((-69)/42 + (-8)/(-7)). Calculate the greatest common factor of m and 1792.
28
Let s = -255 + 283. Suppose -144 = -5*i + 5*l - l, -111 = -4*i - l. What is the highest common divisor of s and i?
28
Let f = 14 - 11. Let q(r) = 23*r - 5. Let g(v) = -23*v + 4. Let h(j) = -6*g(j) - 5*q(j). Let z be h(f). Calculate the highest common divisor of 7 and z.
7
Let o = -161 + 253. What is the greatest common factor of 4 and o?
4
Let b = -8682 + 8693. Suppose -4*a + 6*a + 3*r - 22 = 0, 0 = 5*a + 3*r - 55. What is the greatest common factor of a and b?
11
Suppose 0 = 10*x - 11*x + 51. Let c = 86 + -69. Calculate the greatest common divisor of x and c.
17
Let n(q) = -2*q**3 + 24*q**2 + 7*q - 30. Let r be n(12). Calculate the highest common divisor of r and 30.
6
Let b be 414/10 + 6/(-15). Let z(j) = 5*j**2 - 46*j + 186. Let i be z(4). What is the highest common factor of b and i?
41
Let l(f) = f**3 - 23*f**2 + 23*f - 42. Let d be l(22). Let r be (-4)/d - (-252)/15. Calculate the highest common factor of r and 187.
17
Let k be 2/13 - (4 - 2590/65). What is the highest common factor of 132 and k?
12
Let x(s) = s**2 - 3*s**2 - 4*s + 4*s**2 + s**2 + 3. Let l be x(2). Calculate the highest common divisor of l and 35.
7
Let z(a) be 